the tens digit of 2504?
0
What is the tens digit of 111246?
4
What is the tens digit of 946?
4
What is the units digit of 16059?
9
What is the units digit of 54835?
5
What is the hundreds digit of 2989?
9
What is the units digit of 417?
7
What is the hundreds digit of 3257?
2
What is the hundreds digit of 6323?
3
What is the units digit of 3287?
7
What is the tens digit of 1213?
1
What is the tens digit of 5787?
8
What is the units digit of 1444?
4
What is the thousands digit of 9557?
9
What is the units digit of 7031?
1
What is the ten thousands digit of 11754?
1
What is the hundreds digit of 23820?
8
What is the units digit of 133072?
2
What is the tens digit of 456?
5
What is the hundreds digit of 3144?
1
What is the units digit of 3744?
4
What is the tens digit of 445?
4
What is the tens digit of 48362?
6
What is the units digit of 12731?
1
What is the hundreds digit of 45709?
7
What is the thousands digit of 5830?
5
What is the tens digit of 3314?
1
What is the thousands digit of 85705?
5
What is the thousands digit of 3682?
3
What is the units digit of 320?
0
What is the thousands digit of 6764?
6
What is the hundreds digit of 6822?
8
What is the thousands digit of 8732?
8
What is the units digit of 47389?
9
What is the thousands digit of 19219?
9
What is the tens digit of 18867?
6
What is the units digit of 5119?
9
What is the units digit of 67740?
0
What is the units digit of 4352?
2
What is the units digit of 22661?
1
What is the tens digit of 6471?
7
What is the thousands digit of 2401?
2
What is the tens digit of 1840?
4
What is the units digit of 14590?
0
What is the tens digit of 7458?
5
What is the units digit of 2091?
1
What is the tens digit of 5363?
6
What is the tens digit of 181?
8
What is the thousands digit of 83215?
3
What is the tens digit of 2410?
1
What is the tens digit of 1803?
0
What is the units digit of 151?
1
What is the units digit of 20967?
7
What is the ten thousands digit of 28814?
2
What is the thousands digit of 2423?
2
What is the units digit of 15?
5
What is the thousands digit of 49356?
9
What is the hundreds digit of 161?
1
What is the hundreds digit of 1675?
6
What is the ten thousands digit of 11492?
1
What is the units digit of 173?
3
What is the tens digit of 1187?
8
What is the hundreds digit of 3623?
6
What is the hundreds digit of 7758?
7
What is the hundreds digit of 2989?
9
What is the tens digit of 611?
1
What is the hundreds digit of 4648?
6
What is the units digit of 101?
1
What is the thousands digit of 1326?
1
What is the thousands digit of 1781?
1
What is the units digit of 3149?
9
What is the hundreds digit of 50330?
3
What is the tens digit of 3637?
3
What is the tens digit of 20220?
2
What is the units digit of 59?
9
What is the hundreds digit of 62145?
1
What is the tens digit of 26440?
4
What is the tens digit of 15093?
9
What is the units digit of 125133?
3
What is the units digit of 1555?
5
What is the thousands digit of 22666?
2
What is the tens digit of 88?
8
What is the thousands digit of 2163?
2
What is the hundreds digit of 2796?
7
What is the hundreds digit of 536?
5
What is the tens digit of 20759?
5
What is the tens digit of 10264?
6
What is the hundreds digit of 1301?
3
What is the tens digit of 11765?
6
What is the hundreds digit of 325?
3
What is the hundreds digit of 9411?
4
What is the thousands digit of 7170?
7
What is the tens digit of 44989?
8
What is the tens digit of 1150?
5
What is the tens digit of 21528?
2
What is the tens digit of 4338?
3
What is the units digit of 985?
5
What is the hundreds digit of 904?
9
What is the tens digit of 5184?
8
What is the hundreds digit of 4569?
5
What is the tens digit of 6126?
2
What is the tens digit of 2355?
5
What is the thousands digit of 4792?
4
What is the hundreds digit of 20199?
1
What is the hundreds digit of 22351?
3
What is the hundreds digit of 1082?
0
What is the hundreds digit of 2314?
3
What is the hundreds digit of 6729?
7
What is the hundred thousands digit of 109337?
1
What is the thousands digit of 1135?
1
What is the units digit of 742?
2
What is the hundreds digit of 40879?
8
What is the units digit of 8707?
7
What is the thousands digit of 8406?
8
What is the units digit of 176?
6
What is the hundreds digit of 2190?
1
What is the tens digit of 2344?
4
What is the tens digit of 731?
3
What is the units digit of 390?
0
What is the tens digit of 20291?
9
What is the units digit of 5311?
1
What is the units digit of 3159?
9
What is the tens digit of 8752?
5
What is the hundreds digit of 3603?
6
What is the thousands digit of 132492?
2
What is the ten thousands digit of 17484?
1
What is the units digit of 1286?
6
What is the ten thousands digit of 26119?
2
What is the tens digit of 577?
7
What is the hundreds digit of 878?
8
What is the tens digit of 4212?
1
What is the ten thousands digit of 22600?
2
What is the tens digit of 10380?
8
What is the tens digit of 3563?
6
What is the thousands digit of 1443?
1
What is the tens digit of 3912?
1
What is the units digit of 395?
5
What is the units digit of 80565?
5
What is the tens digit of 735?
3
What is the tens digit of 1797?
9
What is the units digit of 11103?
3
What is the thousands digit of 1975?
1
What is the hundreds digit of 17049?
0
What is the units digit of 1256?
6
What is the hundreds digit of 264?
2
What is the ten thousands digit of 112778?
1
What is the hundreds digit of 14284?
2
What is the hundreds digit of 10722?
7
What is the thousands digit of 7911?
7
What is the hundreds digit of 24827?
8
What is the thousands digit of 18917?
8
What is the tens digit of 349?
4
What is the ten thousands digit of 12913?
1
What is the thousands digit of 3669?
3
What is the tens digit of 6612?
1
What is the ten thousands digit of 20159?
2
What is the thousands digit of 10625?
0
What is the units digit of 399?
9
What is the units digit of 2505?
5
What is the hundreds digit of 978?
9
What is the thousands digit of 2138?
2
What is the units digit of 12647?
7
What is the thousands digit of 11145?
1
What is the tens digit of 16?
1
What is the units digit of 16576?
6
What is the thousands digit of 1700?
1
What is the thousands digit of 98138?
8
What is the tens digit of 423?
2
What is the ten thousands digit of 139409?
3
What is the ten thousands digit of 83048?
8
What is the tens digit of 5395?
9
What is the hundreds digit of 1408?
4
What is the hundreds digit of 160?
1
What is the units digit of 3219?
9
What is the units digit of 203?
3
What is the units digit of 346?
6
What is the tens digit of 5490?
9
What is the units digit of 3399?
9
What is the thousands digit of 12022?
2
What is the ten thousands digit of 159030?
5
What is the units digit of 122442?
2
What is the tens digit of 3978?
7
What is the units digit of 1207?
7
What is the thousands digit of 129066?
9
What is the ten thousands digit of 23428?
2
What is the tens digit of 1169?
6
What is the hundreds digit of 309?
3
What is the hundreds digit of 20552?
5
What is the ten thousands digit of 18876?
1
What is the hundreds digit of 305?
3
What is the tens digit of 605?
0
What is the units digit of 1633?
3
What is the units digit of 894?
4
What is the ten thousands digit of 19094?
1
What is the units digit of 289?
9
What is the thousands digit of 33363?
3
What is the hundreds digit of 2617?
6
What is the hundreds digit of 25667?
6
What is the hundreds digit of 2693?
6
What is the units digit of 58665?
5
What is the thousands digit of 44212?
4
What is the tens digit of 1434?
3
What is the units digit of 1297?
7
What is the hundreds digit of 21766?
7
What is the hundreds digit of 107?
1
What is the units digit of 170434?
4
What is the ten thousands digit of 72689?
7
What is the hundreds digit of 1448?
4
What is the thousands digit of 58256?
8
What is the tens digit of 2628?
2
What is the thousands digit of 11919?
1
What is the hundreds digit of 816?
8
What is the hundreds digit of 306?
3
What is the hundreds digit of 1656?
6
What is the hundred thousands digit of 142303?
1
What is the tens digit of 919?
1
What is the thousands digit of 8853?
8
What is the hundreds digit of 2869?
8
What is the thousands digit of 11228?
1
What is the hundreds digit of 447?
4
What is the hundreds digit of 104529?
5
What is the te